alculate the highest common factor of 70 and c.
35
Suppose 0 = 45*w - 171 - 369. Let h = 332 - 188. Calculate the greatest common factor of w and h.
12
Let m = -1544 - -749. Let p = -717 - m. Calculate the greatest common divisor of 442 and p.
26
Let l be ((-42)/35)/((-3)/300). Let a = -50 + 98. Suppose -c = -3*c + a. Calculate the highest common factor of l and c.
24
Suppose 56*k - 616 = 52*k + 2*v, 0 = 3*k + v - 457. What is the highest common divisor of k and 3587?
17
Suppose -2*f = -r - 66, 5*f - 3*f = -3*r + 58. Suppose v + 33*k - 22 = 30*k, 0 = -v + k + 14. What is the greatest common factor of v and f?
16
Suppose 234036 = 10*h + 26745 - 164959. Calculate the greatest common divisor of 50 and h.
25
Let c be ((-9)/(-6))/(1/6). Suppose -n = -4*o + 26, 0 = 5*n - 2*n - 4*o + 62. Let j be ((-27)/n)/(1/48). Calculate the greatest common factor of j and c.
9
Let w(p) = 13 - 41*p - 34*p + 72*p + 23. Let k be w(-2). What is the greatest common divisor of k and 12?
6
Let m = 2155 + -557. What is the greatest common divisor of 102 and m?
34
Let c be ((-72)/81)/(22/(-30789)). Let n = 9 + -13. Let x be n/(-26) + (0 - c/(-26)). Calculate the highest common divisor of 72 and x.
24
Let p(o) = -o**3 + 7*o**2 + 11*o - 19. Let q be p(8). Suppose -q*x = -2*x + 15, 2*x + 602 = 4*g. What is the greatest common divisor of g and 518?
74
Let z = 517 + -516. Let f be z/((-33)/(-6)) - 1695/(-55). Calculate the highest common factor of 496 and f.
31
Suppose -5*u + 0*u - o = -680, -4*u = -2*o - 530. Let c = -1068 + 711. Let v = c - -384. Calculate the highest common factor of v and u.
27
Suppose c - 26 - 38 = 0. Let p be (22/5)/((-374)/(-2040)). Calculate the highest common factor of c and p.
8
Let s(a) = 4*a**2 - 28*a + 754. Let m be s(0). What is the greatest common factor of 234 and m?
26
Let h = -332 - -452. Suppose 0 = -9*k - 6*k + h. Calculate the highest common divisor of k and 42.
2
Let f(k) = -306*k + 730. Let o be f(1). What is the highest common factor of o and 16?
8
Suppose -5*y + 9*i + 2395 = 4*i, -y + 5*i = -463. What is the greatest common factor of 552 and y?
69
Let z be (-116)/(-16) + ((-13)/4 - -3). Suppose 0 = 5*w - 17 + z. Suppose -26*f + 16*f + 260 = 0. What is the greatest common divisor of f and w?
2
Let f = 15545 + -10687. What is the highest common divisor of 14 and f?
14
Suppose -4*x + 20 = x - 3*m, 3*m = -2*x + 29. Calculate the greatest common divisor of x and 1589.
7
Let a(g) = -g**3 - 56*g**2 + 66*g + 21. Let p be a(-57). Let w = p + 883. What is the greatest common divisor of w and 69?
23
Let z be 1/(-1)*(-2 - (-6 - 20)). Let t = -15 - z. Calculate the highest common divisor of t and 45.
9
Let w(y) = -2*y**3 - 9*y**2 - 208*y - 92. Let h be w(-34). Calculate the greatest common divisor of 37 and h.
37
Let x(j) = -2*j**3 + 26*j**2 + 4. Let l be x(13). Suppose -i + 40 = 4*w, 2*i - i = -l. What is the greatest common factor of w and 11?
11
Let f be -3 - 0 - -4 - (-2 + -7). Let g be (-3)/4 - f/(240/(-498)). What is the highest common divisor of 25 and g?
5
Suppose 15*q - 3*n = 11*q + 827, 4*n - 1026 = -5*q. Calculate the greatest common factor of 3502 and q.
206
Suppose -4*h - 3*o = -172, 3*o - 154 - 61 = -5*h. Suppose 1279 = 2*s + h*u - 46*u, -s + 617 = 3*u. What is the greatest common divisor of 79 and s?
79
Let r be 163 + -1 + (4 - 5). Let k be 50/(-70) + 2656/112. Calculate the greatest common factor of r and k.
23
Let d = 4139 - 2881. Calculate the highest common divisor of d and 187.
17
Suppose -41*z = 203*z - 699548. What is the highest common factor of z and 235?
47
Let x = -1273 - -2276. Let o be -4 + -7 - (-252 - -224). Calculate the highest common divisor of o and x.
17
Let n(t) = -471*t - 16950. Let d be n(-36). Calculate the greatest common divisor of d and 18.
6
Let o = 4820 + 976. What is the greatest common divisor of o and 196?
28
Let q(r) = -r**2 + 7*r - 5. Let y be q(5). Let z be ((-344)/(-24) - 13)/(4/9). Let m be y/15*z*41. Calculate the greatest common factor of 451 and m.
41
Let u(t) = -t**2 - 6*t + 22. Let b be u(-9). Let w be (-4)/10*(b + 10). Let h be 336/18 + w/(-3)*-1. What is the greatest common divisor of 27 and h?
9
Suppose -t - 18 + 54 = 0. Let v be (-89 + -2)*36*(-7)/49. Calculate the highest common divisor of v and t.
36
Let r = -47 + 71. Suppose -r = 2*t - 18. Let i be (9/6)/(t - 21/(-6)). Calculate the highest common divisor of i and 24.
3
Let l be (((-4)/3)/(-2))/((-230)/(-345)). Let s be l/2 + 1168/32. Calculate the greatest common factor of s and 296.
37
Let t = 18 + -14. Suppose h - 15 = -2*a + 3, -t*h + 2*a + 22 = 0. Suppose 2*l + h*l = 80. What is the greatest common divisor of l and 2?
2
Suppose -3634 + 130354 = 72*v. What is the highest common divisor of 30 and v?
10
Let c be (-1170)/(-8) - (9/(-4))/(-9). Suppose 145*z = c*z - 459. Calculate the greatest common divisor of z and 51.
51
Let h be 28/(-686) - (-2356)/98. Calculate the greatest common factor of h and 348.
12
Let r = 4442 - 4426. What is the greatest common divisor of r and 2608?
16
Let f(j) = -51*j + 331. Let q be f(-4). Suppose q*u + 92 = 539*u. Calculate the highest common divisor of 184 and u.
23
Let g(x) = -10*x - x**2 - 2*x + x - x + 1. Let q be g(-7). Suppose 4*i + 2*h - q = 0, 0*h = -2*i - 3*h + 26. Calculate the greatest common factor of 56 and i.
7
Suppose -68*j = -69*j + 13. Suppose j*x + 60 = 23*x. What is the highest common factor of x and 162?
6
Let f be 459 + (-5 + 1 - 42/(-6)). Suppose -3*r - 195 = -2*b + f, -5*r = b - 361. What is the highest common divisor of b and 28?
28
Let n be ((-6)/4)/(6/(-64)). Let o(s) = -6*s - 54. Let b be -26*((-3)/(-3*2) + 0). Let w be o(b). Calculate the greatest common factor of n and w.
8
Let v(x) = 2*x - 14. Let d(g) = -7*g + 29. Let q(u) = 2*d(u) + 5*v(u). Let b be q(-31). What is the highest common divisor of b and 28?
28
Suppose -4*v + 5*g + 397 = 0, 2*v - 5301 + 5099 = 2*g. Suppose 5*u + 4*t - t = 264, 0 = -2*u + t + 110. Calculate the greatest common divisor of u and v.
54
Let b be 76/10 + -6 + (-160)/(-25). Suppose 320 = b*d - 400. Let k be (6/9)/(3/135). What is the highest common divisor of k and d?
30
Let m = -139 - -147. Let u be (-4 + 2)*420/m*-1. What is the greatest common factor of 75 and u?
15
Let q(d) = d**3 + 3*d**2 + 3*d + 3. Let r be q(-2). Suppose -5*c = -2261 + 711. Let p = c - 302. What is the greatest common factor of r and p?
1
Suppose -m + 50 = -2*x, -252*m + 249*m - 2*x = -166. What is the greatest common factor of 1314 and m?
18
Suppose 0 = -313*v + 314*v - 3. Let s be (2 - 5 - 95/(-25))*-25. Let m be 7/((-21)/s) + (-2)/3. What is the greatest common factor of m and v?
3
Suppose 0 = 2*m + m - 126. Suppose -38*p = -1003 + 269 - 634. Calculate the highest common divisor of p and m.
6
Let v = 3289 - 2393. What is the greatest common divisor of 96 and v?
32
Suppose -5*j - 10 = 5*s, 2*s + 4*j - 5*j - 17 = 0. Let v(n) = -n**2 + 13*n - 7. Let g be v(6). What is the greatest common factor of s and g?
5
Let i = -7747 - -9576. Calculate the highest common divisor of 31 and i.
31
Suppose 0 = -68*j + 61*j + 1596. Suppose 2*r + 5*d - 312 = j, 0 = -3*r + d + 793. Calculate the highest common divisor of r and 53.
53
Let v(g) = -g**3 + 47*g**2 + 62*g - 606. Let h be v(48). Calculate the greatest common divisor of h and 138.
6
Suppose -21 = 2*f + 1. Let w(c) = c**2 + 11*c + 18. Let i be w(f). Let r = 59 - 14. Calculate the greatest common factor of i and r.
9
Suppose 551*d - 103*d - 195711 = 101313. Calculate the greatest common factor of d and 624.
39
Let x be 25/20 + 220/16. Suppose 3*a - 3 = x. Let l be 8 - (-5 + a/2). Calculate the greatest common divisor of l and 110.
10
Let u = 410150 - 410048. Suppose -i + 36 = -100. What is the greatest common divisor of i and u?
34
Let i be (-1)/((-2)/10) + (38 - 147). Let l = -88 - i. What is the highest common factor of 40 and l?
8
Suppose 15312 = -22*x + 70*x. Calculate the greatest common factor of 121 and x.
11
Suppose -101*q + 442 = 3*c - 106*q, -3*c + 2*q + 436 = 0. What is the greatest common divisor of 810 and c?
18
Let b = 1920 - 1900. Calculate the highest common factor of b and 235.
5
Let h(g) = g + 24. Let t be 98/(-6) - (1 + (-3)/9). Let r be h(t). Let n be 315/12 + (-1)/(-3 + r). Calculate the greatest common factor 